
Is 46943441 a prime number?
False
Is 112051021 a prime number?
True
Is 66277 a composite number?
True
Is 2822669 prime?
True
Is 1376494351 prime?
False
Is 376345663 composite?
True
Is 253083751 a composite number?
True
Is 19058393 composite?
False
Is 246535 prime?
False
Is 25048469 prime?
True
Is 142729589 a prime number?
False
Is 4519811 a composite number?
False
Is 39896611 composite?
False
Is 6834073 a prime number?
True
Is 7726853 a composite number?
True
Is 36545407 prime?
True
Is 10701953 a composite number?
True
Is 11029539 prime?
False
Is 6460393 composite?
True
Is 6109567 a prime number?
True
Is 5051001 a composite number?
True
Is 39394027 composite?
True
Is 966781 prime?
True
Is 2999041 a prime number?
True
Is 199369417 prime?
False
Is 162853 prime?
True
Is 3906529 prime?
False
Is 4351423 a composite number?
False
Is 26631809 prime?
False
Is 43167043 a prime number?
False
Is 8426381 a composite number?
False
Is 12332897 a composite number?
False
Is 15613427 prime?
True
Is 7632087 a composite number?
True
Is 71335487 composite?
True
Is 794173 prime?
True
Is 5234129 a prime number?
False
Is 174623363 a composite number?
False
Is 792397 a prime number?
True
Is 4757245 prime?
False
Is 8045101 a composite number?
True
Is 67616987 a prime number?
False
Is 12306187 prime?
True
Is 5584909 prime?
False
Is 3557933 a prime number?
True
Is 533707147 a prime number?
True
Is 18912497 a composite number?
False
Is 5018269 composite?
False
Is 37804493 composite?
False
Is 5840465 a composite number?
True
Is 5586349 composite?
True
Is 579673 prime?
True
Is 31338641 composite?
True
Is 31276659 a composite number?
True
Is 42212013 a prime number?
False
Is 10764542 a composite number?
True
Is 675923 composite?
False
Is 15883447 composite?
True
Is 455122 prime?
False
Is 184750573 composite?
True
Is 65763893 a prime number?
False
Is 9823169 prime?
True
Is 930209 a prime number?
False
Is 205333357 a prime number?
True
Is 151750163 a composite number?
True
Is 1604921 a composite number?
True
Is 387781 composite?
False
Is 195339707 prime?
False
Is 4416907 a prime number?
False
Is 43062421 a prime number?
True
Is 92319361 composite?
False
Is 1314374 composite?
True
Is 94208671 composite?
False
Is 16341439 composite?
False
Is 25884217 composite?
True
Is 858557 a composite number?
True
Is 68745799 a prime number?
True
Is 28619941 a prime number?
False
Is 122649421 a prime number?
True
Is 37533019 a prime number?
True
Is 24037061 a composite number?
True
Is 114329 prime?
True
Is 49460693 a prime number?
True
Is 22875019 composite?
False
Is 9278809 a prime number?
True
Is 1511381 composite?
True
Is 10703507 a composite number?
True
Is 5138447 a prime number?
False
Is 2800139 a composite number?
False
Is 2437451 a composite number?
False
Is 5752993 prime?
True
Is 80591873 prime?
True
Is 5089849 a prime number?
True
Is 6520727 a prime number?
True
Is 3305461 a composite number?
True
Is 8928599 a composite number?
False
Is 850894563 a prime number?
False
Is 18549743 a composite number?
False
Is 79827353 composite?
False
Is 282962 prime?
False
Is 324842389 composite?
False
Is 164720935 a prime number?
False
Is 467189519 prime?
True
Is 38840299 prime?
False
Is 127707 a prime number?
False
Is 1426027 prime?
False
Is 262596247 composite?
True
Is 5384839 a composite number?
True
Is 5478037 a prime number?
True
Is 37581637 a composite number?
False
Is 3021793 composite?
True
Is 31873421 prime?
True
Is 4632383 a prime number?
False
Is 13844651 composite?
True
Is 92696405 a composite number?
True
Is 3036343 a prime number?
True
Is 750917 prime?
True
Is 3766129 a composite number?
True
Is 71317 composite?
False
Is 14786657 a composite number?
False
Is 29217197 a composite number?
False
Is 64701089 composite?
True
Is 5575013 a composite number?
True
Is 19853 a prime number?
True
Is 10468933 composite?
True
Is 5282843 a prime number?
False
Is 629598071 a composite number?
False
Is 80008169 prime?
False
Is 13646683 a composite number?
False
Is 44687963 a prime number?
False
Is 11687939 prime?
True
Is 501783 a prime number?
False
Is 456107 composite?
False
Is 193288939 a composite number?
False
Is 1657519 a composite number?
False
Is 4627003 prime?
True
Is 10766429 a prime number?
False
Is 125425959 a prime number?
False
Is 5295039 a prime number?
False
Is 2036831 a prime number?
True
Is 842183 composite?
False
Is 1881541 composite?
True
Is 413132659 a prime number?
True
Is 117278617 a composite number?
False
Is 18852917 prime?
True
Is 99661301 a composite number?
False
Is 2147419 prime?
True
Is 364367279 a prime number?
True
Is 166384181 a prime number?
False
Is 26157907 a composite number?
False
Is 230778599 prime?
True
Is 340143 prime?
False
Is 2176151 a prime number?
True
Is 115820197 a prime number?
True
Is 9747785 prime?
False
Is 473549 composite?
False
Is 146789791 composite?
False
Is 704839943 a prime number?
True
Is 60237211 a composite number?
True
Is 4138733 prime?
False
Is 103240541 a composite number?
True
Is 25540573 composite?
True
Is 128474753 a composite number?
True
Is 2712617 a prime number?
False
Is 1407479 a prime number?
False
Is 11046309 prime?
False
Is 65267473 prime?
True
Is 117139031 a composite number?
False
Is 48263797 a composite number?
False
Is 1087187 a composite number?
True
Is 1404793 a prime number?
False
Is 76457 prime?
False
Is 200139823 a composite number?
True
Is 1152997 prime?
True
Is 2941877 prime?
True
Is 81661793 a prime number?
True
Is 1142389 composite?
False
Is 146874353 a prime number?
False
Is 36668599 composite?
True
Is 1603309 a composite number?
True
Is 28447421 a prime number?
True
Is 7447789 composite?
False
Is 35608757 prime?
True
Is 13008991 prime?
False
Is 330127309 composite?
False
Is 29850423 composite?
True
Is 1239211 composite?
True
Is 12100009 a composite number?
True
Is 27242617 composite?
False
Is 311867 a prime number?
True
Is 703086359 composite?
True
Is 86197403 a prime number?
True
Is 19336469 prime?
True
Is 31094069 prime?
False
Is 391117654 a prime number?
False
Is 9606281 a composite number?
False
Is 27860219 a composite number?
True
Is 75737 a prime number?
False
Is 333947533 composite?
True
Is 4135277 prime?
False
Is 1989769 prime?
True
Is 214659881 a composite number?
False
Is 4269089 composite?
True
Is 889804207 a prime number?
True
Is 7057361 a composite number?
False
Is 6029927 prime?
False
Is 156657811 a composite number?
False
Is 20911789 prime?
True
Is 10958933 composite?
False
Is 530701643 a prime number?
True
Is 17432173 a composite number?
True
Is 389579 prime?
True
Is 13734401 a prime number?
False
Is 13895107 composite?
False
Is 309899 composite?
False
Is 8244121 a composite number?
True
Is 61946167 prime?
True
Is 27619037 prime?
False
Is 24640913 a composite number?
True
Is 3482887 composite?
False
Is 220118603 a prime number?
True
Is 1432901 a composite number?
True
Is 12236033 composite?
True
Is 459869 a composite number?
True
Is 6112463 a composite number?
True
Is 35791259 prime?
False
Is 13189513 prime?
False
Is 147643109 composite?
True
Is 185743967 a composite number?
False
Is 18166553 prime?
False
Is 1514363 composite?
False
Is 50535519 composite?
True
Is 52575009 a composite number?
True
Is 69365939 composite?
True
Is 84767993 prime?
True
Is 25694489 a composite number?
False
Is 2380589 a prime number?
True
Is 15084217 composite?
False
Is 7748333 a prime number?
False
Is 107397197 a composite number?
False
Is 3454861 composite?
False
Is 32253157 a prime number?
False
Is 148097855 a prime number?
False
Is 738845057 composite?
False
Is 22164503 a composite number?
False
Is 167526271 composite?
True
Is 101877491 a composite number?
False
Is 6425194 composite?
True
Is 36893039 prime?
True
Is 12533585 composite?
True
Is 117116089 composite?
True
Is 591212701 composite?
True
Is 24081047 composite?
True
Is 1759939 composite?
False
Is 110120321 a prime number?
True
Is 48401537 composite?
True
Is 51164677 a composite number?
True
Is 2304179 a composite number?
False
Is 16273217 composite?
False
Is 240959041 a prime number?
False
Is 319092649 prime?
True
Is 5688938 a prime number?
False
Is 4373617 a composite number?
False
Is 46974307 a composite number?
False
Is 5879327 a composite number?
Tr